d 30?
15
Let z be 20041/56 - 2/(-16). Let q = -225 + z. Let a(f) = f**3 - 5*f**2 - 9*f - 16. Let l be a(7). Calculate the greatest common divisor of q and l.
19
Let u be (3/(-2))/((459/(-252))/(-17)). Let q be ((-14)/(-4))/(3/18). Let y be (8/u)/((-6)/q). What is the highest common factor of 10 and y?
2
Let y(v) = 137*v - 47. Let c be y(1). What is the highest common factor of 240 and c?
30
Let k be -1 + -4*((-216495)/10)/17. Calculate the highest common factor of 11 and k.
11
Let t = 500 + 83. Let d = -575 + t. Calculate the greatest common factor of d and 88.
8
Let d be (56/2)/((-4)/(-50)). Suppose -8597 + 8639 = 3*u. Calculate the greatest common divisor of d and u.
14
Let h be (4 - 35*(-14)/(-105))*-7*6. Calculate the greatest common divisor of h and 602.
14
Let a(k) = -k + 4. Suppose 30 = 18*t - 3*t. Let s be a(t). What is the highest common factor of s and 13?
1
Let b = 29934 + -29898. Calculate the greatest common factor of 3084 and b.
12
Let d(s) = -17*s + 7 + 4*s**2 - 3*s**2 + 1 - 2. Let a be d(17). Let i be 24/5*a*20/9. Calculate the greatest common divisor of i and 8.
8
Let y be ((-222)/(-4))/(7/14). Let p be ((-43)/3 - -2)*168/(-8). Calculate the greatest common factor of y and p.
37
Let a = -142 - -145. Let b be 1/(a/15) + 23. Suppose -f + 1 = -55. What is the greatest common factor of f and b?
28
Let u(z) = 3*z**2 + 7*z + 1. Let m(o) = 4*o**2 + 6*o. Let n(x) = 4*m(x) - 5*u(x). Let g be n(13). Calculate the highest common divisor of g and 6.
3
Suppose -k + 4*t = -28, 5*t + 78 = 3*k + 29. Let f = -39763 - -39995. Calculate the highest common divisor of f and k.
8
Let u(m) = 10 + 16 + m**2 - 5*m + 24. Let b be u(0). Let j be (-6)/(-27) - 534/(-27). What is the greatest common factor of j and b?
10
Let n = -14924 + 14930. What is the greatest common factor of n and 3726?
6
Suppose 2*n + 8 - 82 = 4*u, -3*n + 3*u + 123 = 0. Let w(f) = -1033*f**3 - f**2 - 92*f - 89. Let a be w(-1). What is the highest common factor of n and a?
45
Suppose -10*f = 3*q - 6*f - 1390, -2*q + 4*f + 980 = 0. What is the greatest common factor of q and 3002?
158
Let j be ((-9)/(-6))/3*4. Suppose -3*v + 135 = j*c, -2*c = 6*v - 11*v - 111. Suppose c - 19 = k. Calculate the greatest common divisor of 4 and k.
4
Suppose 3*k = -5*d - 3, -5*k - 4*d = -0*d + 5. Let v be (14/(-10))/(k/20). Calculate the highest common divisor of v and 154.
14
Let u be (-2 + (4 - -2938))*15/30. Calculate the highest common factor of u and 21.
21
Let i = 125 + -71. Suppose 655*m + 116*m - 923886 = -1130*m. What is the greatest common factor of m and i?
54
Let d = 60 - -29. Let y = d - 33. Calculate the greatest common divisor of 42 and y.
14
Let o be ((-16)/(-2) - 4)*(-51)/18*-3. Let l = -1 - -3. Let j be (0 - -1)/(l/34). What is the greatest common divisor of j and o?
17
Let p(b) = b**3 - 34*b**2 + 36*b - 59. Let h be p(33). Suppose -2*c - 3*c - 5*m + h = 0, 0 = -c + m + 6. What is the highest common factor of 56 and c?
7
Let u = -234674 + 236379. Suppose -4*k - 228 = -4*o, -o + 3*o - 116 = 3*k. Calculate the highest common factor of u and o.
55
Suppose 259*g + 6366 - 9992 = 0. Suppose 3*n = 5*k + 7*n - 385, 5*n = 3*k - 231. What is the greatest common factor of g and k?
7
Let i(t) = t**2 - 4*t - 5. Let h be i(-7). Let d(r) = -r**2 - 21*r - 30. Let n = -89 + 70. Let m be d(n). Calculate the greatest common factor of m and h.
8
Let d(v) = -14*v + 154. Let f be d(23). Let n be ((-136)/51)/(2/f). What is the greatest common factor of n and 48?
16
Let n be (-2268)/45*(-25)/10. Suppose -5*i = 15, -2*d = -0*d - 2*i - 678. What is the greatest common divisor of d and n?
42
Suppose 13*d = 10*d + 45. Let f be 28/d - 40/(-300). Let q be (-34)/(-6) + f/(-3). What is the highest common factor of 1 and q?
1
Let l = -1230 - -1794. What is the highest common divisor of 48 and l?
12
Let t be ((-28)/(-56))/(((-1)/2)/1). Let b be 1/t - -2 - (-91 + 53). Calculate the greatest common divisor of 234 and b.
39
Let j(m) = -194*m - 1707. Let s be j(-12). What is the greatest common divisor of 322 and s?
23
Let j be 2550/(-9) - 2/3. Suppose 1039 = -7*r - 2349. Let p = j - r. Calculate the highest common factor of p and 25.
25
Let n(r) = 3*r**2 + 438*r + 45. Let t be n(-146). Let i = 1 + 1. Suppose 0 = i*g - 5*g + 45. What is the greatest common factor of g and t?
15
Let r(x) = x**3 - 6*x**2 - 14*x + 15. Let m(j) = 2*j**3 + 8*j**2 - 26*j - 4. Let q be m(-6). Let g be r(q). Calculate the greatest common divisor of g and 279.
31
Suppose 1220 = 18*y - 166. Suppose -y = -5*k + 23. What is the highest common divisor of k and 290?
10
Let p = -32 + 56. Suppose -3*b = -2*s + 1542, -5*s - 10*b + 15*b + 3850 = 0. Suppose -6*z + 10*z - s = 0. What is the greatest common divisor of z and p?
24
Suppose 62*p - 12852 = 76*p. Let d = p - -1653. Calculate the greatest common factor of 98 and d.
49
Let o be (47 + -48 + (-1238)/(-6))*(0 - -3). What is the greatest common factor of 792 and o?
88
Suppose -9*f + 20 = -5*f. Suppose -f*n + 25 = -3*r, -3*r = -8*r. Calculate the greatest common divisor of 20 and n.
5
Suppose -19*n + f + 732 = -15*n, 2*n - 2*f = 366. Suppose -102 = 4*w - 5*w + 4*q, n = 2*w - q. Calculate the greatest common divisor of w and 5.
5
Suppose 78 = 5*j - 3*r, 0 = -2*j + 4*r + 8 + 12. Let c be -2*11/99 + 2110/j. Calculate the highest common divisor of 18 and c.
9
Suppose 0 = -3*z - 9, -5*z = v - 0*z - 180. Let s = 253 + -193. What is the greatest common factor of v and s?
15
Let o(h) = -41*h - 7. Let c be o(-2). Let a(x) = -94*x + 36. Let l be a(-6). Calculate the highest common divisor of l and c.
75
Suppose m + 3*d - 28517 = 0, -2*m + 13*d + 57082 = 11*d. Calculate the greatest common divisor of 13 and m.
13
Let z(y) = -239*y - 210. Let a be z(-6). What is the highest common divisor of a and 4?
4
Let m(t) = -19*t**3 - 3*t**2 + 14*t + 14. Let n be m(-2). Calculate the greatest common factor of n and 1314.
18
Let w(r) = r**2 + 6*r + 9. Let f = 0 - 4. Let v be w(f). Let z be (56 - v/1) + 3/(-1). What is the greatest common factor of 4 and z?
4
Let n(w) be the first derivative of -w**2/2 + 26*w - 30. Let z be n(10). Suppose -5*c = -549 - 171. Calculate the highest common divisor of z and c.
16
Suppose -3*u + 7*i = 12*i - 2264, -4*u + 3047 = i. What is the highest common divisor of 436 and u?
109
Let m(q) = q**3 + 94*q**2 + 251*q - 1066. Let p be m(-91). Calculate the greatest common factor of 384 and p.
24
Let n be 5/2*(-15 + 143). Calculate the greatest common divisor of 832 and n.
64
Let i(q) = q**2 + q + 4. Let j be i(-7). Let z = 70 - j. What is the greatest common divisor of z and 120?
24
Let w be (2780/(-417))/((15/(-18))/5). Suppose 3*x = 139 - 19. What is the highest common divisor of x and w?
40
Let r = 1057 - 1017. Let x(f) = -37*f + 9. Let b be x(-3). What is the highest common divisor of r and b?
40
Suppose 5*z = 4*z + 34. Let i = z - 45. Let g(m) = m**2 + 7*m + 11. Let k be g(i). What is the highest common divisor of 11 and k?
11
Suppose 5*a = -2 + 27. Suppose -5*t - 3*s - 121 = 66, a*s = -4*t - 147. Let c = t - -62. What is the greatest common factor of c and 60?
12
Let h(q) = -q**3 + 19*q**2 + 18*q + 46. Let x be h(20). Let t be x*(-78)/(-36)*39. What is the highest common factor of 39 and t?
39
Suppose 5*y + 3*n - 37 = 6, 4*y = -4*n + 36. Let f(k) = -18 + 4*k**2 + 22 - y*k + k**3 - 14. Let i be f(-4). Calculate the greatest common factor of i and 66.
22
Let t = 112 + 23. Suppose -10*g = 662 - 932. Calculate the highest common factor of g and t.
27
Let z = 210137 - 210119. Let v(g) = 15*g**3 + 3*g**2 - 4*g + 2. Let h be v(2). Suppose r = 2*r - h. What is the greatest common divisor of r and z?
18
Let p(o) = -o**3 - 2*o**2 + 33*o - 52. Let b be p(-13). Calculate the greatest common divisor of 26 and b.
26
Suppose 0 = 2*j - 5*c + 25, 3*j + 4*c + 6 = c. Let t be 14/(-6)*(-18)/2. Let y = t + j. Calculate the greatest common divisor of y and 32.
16
Let u = 3297 - 3283. Let b = 324 - 171. Suppose -13 = 4*s - b. What is the highest common divisor of s and u?
7
Let y(k) = -16*k**3 - 3*k**2 - 13. Let f be y(-3). Let u be (-8)/14 + (-48)/112 + f. Calculate the greatest common factor of u and 23.
23
Let p(s) = s**3 + 17*s**2 + 16*s + 8. Let i be p(-16). Suppose i*f + 108 = 20*f. Calculate the greatest comm